{"id":6066,"date":"2025-01-18T12:16:50","date_gmt":"2025-01-18T11:16:50","guid":{"rendered":"https:\/\/imakafilms.com\/?page_id=6066"},"modified":"2025-01-18T12:17:11","modified_gmt":"2025-01-18T11:17:11","slug":"fiche-hbf","status":"publish","type":"page","link":"https:\/\/imakafilms.com\/index.php\/fiche-hbf\/","title":{"rendered":"fiche hbf"},"content":{"rendered":"\n<div class=\"wp-block-columns is-layout-flex wp-container-core-columns-is-layout-9d6595d7 wp-block-columns-is-layout-flex\">\n<div class=\"wp-block-column is-layout-flow wp-block-column-is-layout-flow\" style=\"flex-basis:100%\">\n<div class=\"wp-block-columns is-layout-flex wp-container-core-columns-is-layout-9d6595d7 wp-block-columns-is-layout-flex\">\n<div class=\"wp-block-column is-layout-flow wp-block-column-is-layout-flow\" style=\"flex-basis:100%\"><div class=\"gb-container gb-container-471330b2\"><div class=\"gb-inside-container\">\n<div class=\"gb-grid-wrapper gb-grid-wrapper-54f06fb2\">\n<div class=\"gb-grid-column gb-grid-column-dd026b2f\"><div class=\"gb-container gb-container-dd026b2f\"><div class=\"gb-inside-container\">\n\n<p class=\"gb-headline gb-headline-57c5d2d6 gb-headline-text\"><strong>HBF<\/strong><\/p>\n\n\n\n<p>\u2022 Court m\u00e9trage d\u2019animation de Dina Velikovskaya<\/p>\n\n\n\n<p>\u2022 Animation Stop Motion, 12\u2019<\/p>\n\n\n\n<p>\u2022 Tout public<\/p>\n\n\n\n<p>\u2022 Coproduction: Allemagne\/France<\/p>\n\n\n\n<p>\u2022 En d\u00e9veloppement\u00a0<\/p>\n\n\n\n<p><\/p>\n\n<\/div><\/div><\/div>\n\n<div class=\"gb-grid-column gb-grid-column-3015315c\"><div class=\"gb-container gb-container-3015315c\"><div class=\"gb-inside-container\">\n\n<p><strong>Synopsis<\/strong><\/p>\n\n\n\n<p>Une jeune femme se retrouve \u00e0 la gare centrale de Berlin. B\u00e9n\u00e9vole, elle aide les r\u00e9fugi\u00e9s ukrainiens \u00e0 s\u2019orienter dans ses innombrables labyrinthes. L&#8217;histoire de chacun de ceux qu&#8217;elle croise la touche profond\u00e9ment. Les murs de la gare semblent si fragiles qu\u2019elle a l\u2019impression que la guerre pourrait y faire irruption \u00e0 tout instant.<\/p>\n\n<\/div><\/div><\/div>\n<\/div>\n\n<div class=\"gb-grid-wrapper gb-grid-wrapper-2ee3cc24\">\n<div class=\"gb-grid-column gb-grid-column-02f03ee7\"><div class=\"gb-container gb-container-02f03ee7\"><div class=\"gb-inside-container\"><\/div><\/div><\/div>\n\n<div class=\"gb-grid-column gb-grid-column-01970041\"><div class=\"gb-container gb-container-01970041\"><div class=\"gb-inside-container\"><\/div><\/div><\/div>\n<\/div>\n<\/div><\/div><\/div>\n<\/div>\n<\/div>\n<\/div>\n\n\n<div class=\"gb-container gb-container-4a933292\"><div class=\"gb-inside-container\">\n\n<figure class=\"gb-block-image gb-block-image-7d77d409\"><img loading=\"lazy\" decoding=\"async\" width=\"2048\" height=\"1365\" class=\"gb-image gb-image-7d77d409\" src=\"https:\/\/imakafilms.com\/wp-content\/uploads\/2025\/01\/HBF02.jpg\" alt=\"\" title=\"HBF02\" srcset=\"https:\/\/imakafilms.com\/wp-content\/uploads\/2025\/01\/HBF02.jpg 2048w, https:\/\/imakafilms.com\/wp-content\/uploads\/2025\/01\/HBF02-300x200.jpg 300w, https:\/\/imakafilms.com\/wp-content\/uploads\/2025\/01\/HBF02-1024x683.jpg 1024w, https:\/\/imakafilms.com\/wp-content\/uploads\/2025\/01\/HBF02-768x512.jpg 768w, https:\/\/imakafilms.com\/wp-content\/uploads\/2025\/01\/HBF02-1536x1024.jpg 1536w\" sizes=\"auto, (max-width: 2048px) 100vw, 2048px\" \/><\/figure>\n\n<\/div><\/div>","protected":false},"excerpt":{"rendered":"","protected":false},"author":1,"featured_media":0,"parent":0,"menu_order":0,"comment_status":"closed","ping_status":"closed","template":"","meta":{"_monsterinsights_skip_tracking":false,"_monsterinsights_sitenote_active":false,"_monsterinsights_sitenote_note":"","_monsterinsights_sitenote_category":0,"footnotes":""},"class_list":["post-6066","page","type-page","status-publish"],"featured_image_urls_v2":{"full":"","thumbnail":"","medium":"","medium_large":"","large":"","1536x1536":"","2048x2048":""},"post_excerpt_stackable_v2":"<p>HBF \u2022 Court m\u00e9trage d\u2019animation de Dina Velikovskaya \u2022 Animation Stop Motion, 12\u2019 \u2022 Tout public \u2022 Coproduction: Allemagne\/France \u2022 En d\u00e9veloppement\u00a0 Synopsis Une jeune femme se retrouve \u00e0 la gare centrale de Berlin. B\u00e9n\u00e9vole, elle aide les r\u00e9fugi\u00e9s ukrainiens \u00e0 s\u2019orienter dans ses innombrables labyrinthes. L&#8217;histoire de chacun de ceux qu&#8217;elle croise la touche profond\u00e9ment. Les murs de la gare semblent si fragiles qu\u2019elle a l\u2019impression que la guerre pourrait y faire irruption \u00e0 tout instant.<\/p>\n","category_list_v2":"","author_info_v2":{"name":"admin3054","url":"https:\/\/imakafilms.com\/index.php\/author\/admin3054\/"},"comments_num_v2":"0 comments","uagb_featured_image_src":{"full":false,"thumbnail":false,"medium":false,"medium_large":false,"large":false,"1536x1536":false,"2048x2048":false},"uagb_author_info":{"display_name":"admin3054","author_link":"https:\/\/imakafilms.com\/index.php\/author\/admin3054\/"},"uagb_comment_info":0,"uagb_excerpt":null,"_links":{"self":[{"href":"https:\/\/imakafilms.com\/index.php\/wp-json\/wp\/v2\/pages\/6066","targetHints":{"allow":["GET"]}}],"collection":[{"href":"https:\/\/imakafilms.com\/index.php\/wp-json\/wp\/v2\/pages"}],"about":[{"href":"https:\/\/imakafilms.com\/index.php\/wp-json\/wp\/v2\/types\/page"}],"author":[{"embeddable":true,"href":"https:\/\/imakafilms.com\/index.php\/wp-json\/wp\/v2\/users\/1"}],"replies":[{"embeddable":true,"href":"https:\/\/imakafilms.com\/index.php\/wp-json\/wp\/v2\/comments?post=6066"}],"version-history":[{"count":3,"href":"https:\/\/imakafilms.com\/index.php\/wp-json\/wp\/v2\/pages\/6066\/revisions"}],"predecessor-version":[{"id":6075,"href":"https:\/\/imakafilms.com\/index.php\/wp-json\/wp\/v2\/pages\/6066\/revisions\/6075"}],"wp:attachment":[{"href":"https:\/\/imakafilms.com\/index.php\/wp-json\/wp\/v2\/media?parent=6066"}],"curies":[{"name":"wp","href":"https:\/\/api.w.org\/{rel}","templated":true}]}}